{"id":605,"date":"2017-09-25T07:28:31","date_gmt":"2017-09-25T07:28:31","guid":{"rendered":"http:\/\/www.tallereljineteazul.com\/?page_id=605"},"modified":"2024-09-14T09:17:13","modified_gmt":"2024-09-14T09:17:13","slug":"enmarcado-y-venta-de-cuadros","status":"publish","type":"page","link":"https:\/\/www.tallereljineteazul.com\/?page_id=605","title":{"rendered":"ENMARCACION"},"content":{"rendered":"<h2>Disponemos de un servicio de enmarcado con un muestrario de mas de\u00a0\u00a0<strong>1200 molduras !!!<\/strong><\/h2>\n<p><span style=\"color: #ff0000;\">NOVEDAD<\/span>\u00a0 \u00abSERIE\u00a0 ECONOMICA\u00bb Y CON CRISTAL !!! ni en IKEA<\/p>\n<ul>\n<li>Tamano A4<\/li>\n<li>Tamano 30 x 40<\/li>\n<li>Tamano 40 x 50<\/li>\n<li>Tamano 50 x 70<\/li>\n<\/ul>\n<p>&nbsp;<\/p>\n<ul>\n<li><a style=\"font-size: 1rem;\" href=\"http:\/\/www.tallereljineteazul.com\/wp-content\/uploads\/este.jpg\"><img loading=\"lazy\" decoding=\"async\" class=\"alignnone size-full wp-image-1405\" src=\"http:\/\/www.tallereljineteazul.com\/wp-content\/uploads\/este.jpg\" alt=\"\" width=\"414\" height=\"695\" srcset=\"https:\/\/www.tallereljineteazul.com\/wp-content\/uploads\/este.jpg 414w, https:\/\/www.tallereljineteazul.com\/wp-content\/uploads\/este-179x300.jpg 179w\" sizes=\"auto, (max-width: 414px) 100vw, 414px\" \/><\/a><\/li>\n<\/ul>\n<p>&nbsp;<\/p>\n<h3><a href=\"http:\/\/www.tallereljineteazul.com\/wp-content\/uploads\/enm-2.jpg\"><img loading=\"lazy\" decoding=\"async\" class=\"alignnone size-full wp-image-899\" src=\"http:\/\/www.tallereljineteazul.com\/wp-content\/uploads\/enm-2.jpg\" alt=\"\" width=\"900\" height=\"900\" srcset=\"https:\/\/www.tallereljineteazul.com\/wp-content\/uploads\/enm-2.jpg 900w, https:\/\/www.tallereljineteazul.com\/wp-content\/uploads\/enm-2-150x150.jpg 150w, https:\/\/www.tallereljineteazul.com\/wp-content\/uploads\/enm-2-300x300.jpg 300w, https:\/\/www.tallereljineteazul.com\/wp-content\/uploads\/enm-2-768x768.jpg 768w, https:\/\/www.tallereljineteazul.com\/wp-content\/uploads\/enm-2-100x100.jpg 100w\" sizes=\"auto, (max-width: 767px) 89vw, (max-width: 1000px) 54vw, (max-width: 1071px) 543px, 580px\" \/><\/a><\/h3>\n<h2><strong>C<\/strong>ada enmarcado tiene una historia que contar, que lo hace especial y nosotros lo valoramos tanto como t\u00fa, vis\u00edtanos y enmarca lo que quieras.<\/h2>\n<p>&nbsp;<\/p>\n<pre><a href=\"http:\/\/www.tallereljineteazul.com\/wp-content\/uploads\/IMG_0590.jpg\"><img loading=\"lazy\" decoding=\"async\" class=\"alignnone size-full wp-image-1351\" src=\"http:\/\/www.tallereljineteazul.com\/wp-content\/uploads\/IMG_0590.jpg\" alt=\"\" width=\"3720\" height=\"3024\" srcset=\"https:\/\/www.tallereljineteazul.com\/wp-content\/uploads\/IMG_0590.jpg 3720w, https:\/\/www.tallereljineteazul.com\/wp-content\/uploads\/IMG_0590-300x244.jpg 300w, https:\/\/www.tallereljineteazul.com\/wp-content\/uploads\/IMG_0590-768x624.jpg 768w, https:\/\/www.tallereljineteazul.com\/wp-content\/uploads\/IMG_0590-1024x832.jpg 1024w\" sizes=\"auto, (max-width: 767px) 89vw, (max-width: 1000px) 54vw, (max-width: 1071px) 543px, 580px\" \/><\/a><\/pre>\n<p><!-- .entry-header --><\/p>\n<div class=\"entry-content\">\n<h3>El marco es el acompa\u00f1amiento imprescindible para poner en valor cualquier obra. Somos conscientes de la dificultad que entra\u00f1a la elecci\u00f3n de una enmarcaci\u00f3n que cumpla las condiciones b\u00e1sicas de proteger y resaltar la pieza sin que por ello reste protagonismo a lo esencial que es la obra en si misma. En nuestro expositor podr\u00e1 encontrar una extens\u00edsima colecci\u00f3n de molduras<strong> mas de 1200 molduras!!<\/strong>!\u00a0de los m\u00e1s variados estilos, contamos con la colaboraci\u00f3n de algunos de los mejores profesionales del sector, restauradores, tallistas, artesanos, doradores, todo ello para poder ofrecer a nuestros clientes los recursos necesarios para conseguir, en cada caso particular, el montaje m\u00e1s conveniente. No dudes en <span style=\"color: #0066cc;\">consultarnos.<\/span><\/h3>\n<\/div>\n<div class=\"entry-content\"><\/div>\n","protected":false},"excerpt":{"rendered":"<p>Disponemos de un servicio de enmarcado con un muestrario de mas de\u00a0\u00a01200 molduras !!! NOVEDAD\u00a0 \u00abSERIE\u00a0 ECONOMICA\u00bb Y CON CRISTAL !!! ni en IKEA Tamano A4 Tamano 30 x 40 Tamano 40 x 50 Tamano 50 x 70 &nbsp; &nbsp; Cada enmarcado tiene una historia que contar, que lo hace especial y nosotros lo valoramos &hellip; <\/p>\n<p class=\"link-more\"><a href=\"https:\/\/www.tallereljineteazul.com\/?page_id=605\" class=\"more-link\">Continuar leyendo<span class=\"screen-reader-text\"> \u00abENMARCACION\u00bb<\/span><\/a><\/p>\n","protected":false},"author":1,"featured_media":0,"parent":0,"menu_order":0,"comment_status":"closed","ping_status":"open","template":"","meta":{"footnotes":""},"class_list":["post-605","page","type-page","status-publish","hentry"],"_links":{"self":[{"href":"https:\/\/www.tallereljineteazul.com\/index.php?rest_route=\/wp\/v2\/pages\/605","targetHints":{"allow":["GET"]}}],"collection":[{"href":"https:\/\/www.tallereljineteazul.com\/index.php?rest_route=\/wp\/v2\/pages"}],"about":[{"href":"https:\/\/www.tallereljineteazul.com\/index.php?rest_route=\/wp\/v2\/types\/page"}],"author":[{"embeddable":true,"href":"https:\/\/www.tallereljineteazul.com\/index.php?rest_route=\/wp\/v2\/users\/1"}],"replies":[{"embeddable":true,"href":"https:\/\/www.tallereljineteazul.com\/index.php?rest_route=%2Fwp%2Fv2%2Fcomments&post=605"}],"version-history":[{"count":24,"href":"https:\/\/www.tallereljineteazul.com\/index.php?rest_route=\/wp\/v2\/pages\/605\/revisions"}],"predecessor-version":[{"id":1406,"href":"https:\/\/www.tallereljineteazul.com\/index.php?rest_route=\/wp\/v2\/pages\/605\/revisions\/1406"}],"wp:attachment":[{"href":"https:\/\/www.tallereljineteazul.com\/index.php?rest_route=%2Fwp%2Fv2%2Fmedia&parent=605"}],"curies":[{"name":"wp","href":"https:\/\/api.w.org\/{rel}","templated":true}]}}

<h2>Disponemos de un servicio de enmarcado con un muestrario de mas de  <strong>1200 molduras !!!</strong></h2>
<p><span style="color: #ff0000;">NOVEDAD</span>  «SERIE  ECONOMICA» Y CON CRISTAL !!! ni en IKEA</p>
<ul>
<li>Tamano A4</li>
<li>Tamano 30 x 40</li>
<li>Tamano 40 x 50</li>
<li>Tamano 50 x 70</li>
</ul>
<p>&nbsp;</p>
<ul>
<li><a style="font-size: 1rem;" href="http://www.tallereljineteazul.com/wp-content/uploads/este.jpg"><img loading="lazy" decoding="async" class="alignnone size-full wp-image-1405" src="http://www.tallereljineteazul.com/wp-content/uploads/este.jpg" alt="" width="414" height="695" srcset="https://www.tallereljineteazul.com/wp-content/uploads/este.jpg 414w, https://www.tallereljineteazul.com/wp-content/uploads/este-179x300.jpg 179w" sizes="auto, (max-width: 414px) 100vw, 414px" /></a></li>
</ul>
<p>&nbsp;</p>
<h3><a href="http://www.tallereljineteazul.com/wp-content/uploads/enm-2.jpg"><img loading="lazy" decoding="async" class="alignnone size-full wp-image-899" src="http://www.tallereljineteazul.com/wp-content/uploads/enm-2.jpg" alt="" width="900" height="900" srcset="https://www.tallereljineteazul.com/wp-content/uploads/enm-2.jpg 900w, https://www.tallereljineteazul.com/wp-content/uploads/enm-2-150x150.jpg 150w, https://www.tallereljineteazul.com/wp-content/uploads/enm-2-300x300.jpg 300w, https://www.tallereljineteazul.com/wp-content/uploads/enm-2-768x768.jpg 768w, https://www.tallereljineteazul.com/wp-content/uploads/enm-2-100x100.jpg 100w" sizes="auto, (max-width: 767px) 89vw, (max-width: 1000px) 54vw, (max-width: 1071px) 543px, 580px" /></a></h3>
<h2><strong>C</strong>ada enmarcado tiene una historia que contar, que lo hace especial y nosotros lo valoramos tanto como tú, visítanos y enmarca lo que quieras.</h2>
<p>&nbsp;</p>
<pre><a href="http://www.tallereljineteazul.com/wp-content/uploads/IMG_0590.jpg"><img loading="lazy" decoding="async" class="alignnone size-full wp-image-1351" src="http://www.tallereljineteazul.com/wp-content/uploads/IMG_0590.jpg" alt="" width="3720" height="3024" srcset="https://www.tallereljineteazul.com/wp-content/uploads/IMG_0590.jpg 3720w, https://www.tallereljineteazul.com/wp-content/uploads/IMG_0590-300x244.jpg 300w, https://www.tallereljineteazul.com/wp-content/uploads/IMG_0590-768x624.jpg 768w, https://www.tallereljineteazul.com/wp-content/uploads/IMG_0590-1024x832.jpg 1024w" sizes="auto, (max-width: 767px) 89vw, (max-width: 1000px) 54vw, (max-width: 1071px) 543px, 580px" /></a></pre>
<p><!-- .entry-header --></p>
<div class="entry-content">
<h3>El marco es el acompañamiento imprescindible para poner en valor cualquier obra. Somos conscientes de la dificultad que entraña la elección de una enmarcación que cumpla las condiciones básicas de proteger y resaltar la pieza sin que por ello reste protagonismo a lo esencial que es la obra en si misma. En nuestro expositor podrá encontrar una extensísima colección de molduras<strong> mas de 1200 molduras!!</strong>! de los más variados estilos, contamos con la colaboración de algunos de los mejores profesionales del sector, restauradores, tallistas, artesanos, doradores, todo ello para poder ofrecer a nuestros clientes los recursos necesarios para conseguir, en cada caso particular, el montaje más conveniente. No dudes en <span style="color: #0066cc;">consultarnos.</span></h3>
</div>
<div class="entry-content"></div>
